{"id":19231,"date":"2025-10-09T20:07:27","date_gmt":"2025-10-10T00:07:27","guid":{"rendered":"https:\/\/fredtlizer.com\/sept25\/?post_type=product&#038;p=19231"},"modified":"2025-12-29T22:55:54","modified_gmt":"2025-12-30T03:55:54","slug":"pk-bloom","status":"publish","type":"product","link":"https:\/\/fredtlizer.com\/sept25\/produit\/pk-bloom\/","title":{"rendered":"PK Bloom"},"content":{"rendered":"<p><strong><u>PK Bloom<\/u><\/strong><u> (<strong>ECH<\/strong>)<\/u> permet d\u2019ajouter du <strong>phosphore et du potassium<\/strong> aux plantes \u00e0 fleurs et \u00e0 fruits au moment opportun afin dans augmenter le rendement. Ultra concentr\u00e9, il est compos\u00e9 exclusivement de potassium et d\u2019ortho phosphate pur sans soufre ni m\u00e9taux lourds nocif pour votre sant\u00e9 et infectant la saveur des r\u00e9coltes. PK Bloom convient \u00e0 la fertilisation des fruits, des l\u00e9gumes et des plantes m\u00e9dicinales, en sol direct, en terreaux, en hydroponie et en fibre de coco.<\/p>\n<p><strong>PK Bloom est adapt\u00e9s \u00e0 tous les substrats<\/strong> incluant les terres \u00e0 jardins, terreaux d\u2019empotage, tous les types de syst\u00e8mes hydroponiques et les cultures en fibre de coco. Convient \u00e9galement pour l&rsquo;injection dans le sol, cultures de plein champ ou sous serres.<\/p>\n\t\t\t<link rel=\"stylesheet\" id=\"elementor-post-15848-css\" href=\"https:\/\/fredtlizer.com\/sept25\/wp-content\/uploads\/elementor\/css\/post-15848.css?ver=1776761295\" type=\"text\/css\" media=\"all\">\n\t\t\t\t\t<div data-elementor-type=\"wp-post\" data-elementor-id=\"15848\" class=\"elementor elementor-15848\" data-elementor-post-type=\"cms_block\">\n\t\t\t\t<div class=\"wd-negative-gap elementor-element elementor-element-2376b195 e-flex e-con-boxed e-con e-parent\" data-id=\"2376b195\" data-element_type=\"container\">\n\t\t\t\t\t<div class=\"e-con-inner\">\n\t\t\t\t<div class=\"elementor-element elementor-element-365c6754 elementor-widget__width-initial elementor-widget elementor-widget-wd_text_block\" data-id=\"365c6754\" data-element_type=\"widget\" data-widget_type=\"wd_text_block.default\">\n\t\t\t\t<div class=\"elementor-widget-container\">\n\t\t\t\t\t\t\t<div class=\"wd-text-block reset-last-child text-left\">\n\t\t\t\n\t\t\t<p style=\"margin-bottom: var(--wd-tags-mb); font-style: normal; font-variant-ligatures: normal; font-variant-caps: normal; font-weight: 400; font-family: &quot;Work Sans&quot;, Arial, Helvetica, sans-serif; font-size: 14px;\"><span style=\"font-weight: 600; font-size: 14px;\"><u style=\"font-size: 14px;\">Mode d\u2019emploi&nbsp;:<\/u><\/span> <span style=\"font-weight: 600; font-size: 14px;\">Dilu\u00e9 de 0.5ml \u00e0 3ml par litre d\u2019eau<\/span> en fonction des types de culture et de leurs stades de d\u00e9veloppement et appliquer \u00e0 une fr\u00e9quence de 2 arrosages sur 3. Voir charte appropri\u00e9e \u00e0 vos cultures.<\/p><p style=\"margin-bottom: var(--wd-tags-mb); font-style: normal; font-variant-ligatures: normal; font-variant-caps: normal; font-weight: 400; font-family: &quot;Work Sans&quot;, Arial, Helvetica, sans-serif; font-size: 14px;\"><u style=\"font-size: 14px;\">\u00c9l\u00e9ments fertilisants inclus dans PK BLoom&nbsp;:<\/u> P, K, H, O.<\/p><p style=\"margin-bottom: var(--wd-tags-mb); font-style: normal; font-variant-ligatures: normal; font-variant-caps: normal; font-weight: 400; font-family: &quot;Work Sans&quot;, Arial, Helvetica, sans-serif; font-size: 14px;\">Taux de m\u00e9taux lourds en ppm (particule par million)&nbsp;: <span style=\"font-weight: 600; font-size: 14px;\">Arsenic <\/span>&lt;<span style=\"font-weight: 600; font-size: 14px;\"> 0.000001, Cadmium 0, Mercure 0, Plomb 0<\/span><\/p><p style=\"margin-bottom: var(--wd-tags-mb); font-style: normal; font-variant-ligatures: normal; font-variant-caps: normal; font-weight: 400; font-family: &quot;Work Sans&quot;, Arial, Helvetica, sans-serif; font-size: 14px;\">Fait exclusivement d\u2019ortho-phosphate pour une assimilation rapide et compl\u00e8te par les plantes sans l\u2019intervention de phosphatases, ce qui augmente les rendements et diminue les risques de lessivage dans l\u2019environnement.<\/p><p style=\"margin-bottom: var(--wd-tags-mb); font-style: normal; font-variant-ligatures: normal; font-variant-caps: normal; font-weight: 400; font-family: &quot;Work Sans&quot;, Arial, Helvetica, sans-serif; font-size: 14px;\"><u style=\"font-size: 14px;\">Solubilit\u00e9&nbsp;:<\/u> <span style=\"font-weight: 600; font-size: 14px;\">100%<\/span><\/p><p style=\"margin-bottom: var(--wd-tags-mb); font-style: normal; font-variant-ligatures: normal; font-variant-caps: normal; font-weight: 400; font-family: &quot;Work Sans&quot;, Arial, Helvetica, sans-serif; font-size: 14px;\">Formats disponibles : 30ml, 250ml, 1L, 4L, 10L, 210L, 1000L<\/p><p style=\"margin-bottom: 0px; font-style: normal; font-variant-ligatures: normal; font-variant-caps: normal; font-weight: 400; font-family: &quot;Work Sans&quot;, Arial, Helvetica, sans-serif; font-size: 14px;\">VALEUR EC : 1ml de PK Bloom dans 1 litre d\u2019eau d\u00e9min\u00e9ralis\u00e9 donne EC 0.08 ms\/cm (40ppm TDS500)<span style=\"font-size: 14px; text-align: var(--text-align); background-color: var(--wd-main-bgcolor); color: var(--wd-text-color);\"><\/span><\/p>\n\t\t\t\t\t<\/div>\n\t\t\t\t\t\t<\/div>\n\t\t\t\t<\/div>\n\t\t\t\t\t<\/div>\n\t\t\t\t<\/div>\n\t\t\t\t<\/div>\n\t\t\n","protected":false},"excerpt":{"rendered":"<p>PK Bloom (ECH) permet d\u2019ajouter du phosphore et du potassium aux plantes \u00e0 fleurs et \u00e0 fruits au moment opportun<\/p>\n","protected":false},"featured_media":19260,"template":"","meta":[],"product_brand":[],"product_cat":[1827,1517],"product_tag":[1688,1689,1701,1704,1698,1700,1703,1702,1705,1686,1687,1690,1699],"class_list":{"0":"post-19231","1":"product","2":"type-product","3":"status-publish","4":"has-post-thumbnail","6":"product_cat-bouteille-individuelle","7":"product_cat-engrais-et-supplements","8":"product_tag-achat-local","9":"product_tag-achat-quebec","10":"product_tag-booster-fleurs-et-fruits","11":"product_tag-engrais-bio-floraison-explosive","12":"product_tag-engrais-floraison","13":"product_tag-engrais-fructification","14":"product_tag-engrais-p-k-soluble","15":"product_tag-engrais-phosphore-potassium","16":"product_tag-fertilisant-naturel-floraison","17":"product_tag-fred-t-lizer","18":"product_tag-fredtlizer","19":"product_tag-produit-local","20":"product_tag-stimulateur-floraison-bio","21":"product_shipping_class-transport","23":"first","24":"instock","25":"taxable","26":"shipping-taxable","27":"purchasable","28":"product-type-variable","29":"has-default-attributes"},"_links":{"self":[{"href":"https:\/\/fredtlizer.com\/sept25\/wp-json\/wp\/v2\/product\/19231","targetHints":{"allow":["GET"]}}],"collection":[{"href":"https:\/\/fredtlizer.com\/sept25\/wp-json\/wp\/v2\/product"}],"about":[{"href":"https:\/\/fredtlizer.com\/sept25\/wp-json\/wp\/v2\/types\/product"}],"version-history":[{"count":1,"href":"https:\/\/fredtlizer.com\/sept25\/wp-json\/wp\/v2\/product\/19231\/revisions"}],"predecessor-version":[{"id":19261,"href":"https:\/\/fredtlizer.com\/sept25\/wp-json\/wp\/v2\/product\/19231\/revisions\/19261"}],"wp:featuredmedia":[{"embeddable":true,"href":"https:\/\/fredtlizer.com\/sept25\/wp-json\/wp\/v2\/media\/19260"}],"wp:attachment":[{"href":"https:\/\/fredtlizer.com\/sept25\/wp-json\/wp\/v2\/media?parent=19231"}],"wp:term":[{"taxonomy":"product_brand","embeddable":true,"href":"https:\/\/fredtlizer.com\/sept25\/wp-json\/wp\/v2\/product_brand?post=19231"},{"taxonomy":"product_cat","embeddable":true,"href":"https:\/\/fredtlizer.com\/sept25\/wp-json\/wp\/v2\/product_cat?post=19231"},{"taxonomy":"product_tag","embeddable":true,"href":"https:\/\/fredtlizer.com\/sept25\/wp-json\/wp\/v2\/product_tag?post=19231"}],"curies":[{"name":"wp","href":"https:\/\/api.w.org\/{rel}","templated":true}]}}