{"id":19949,"date":"2025-12-29T13:58:49","date_gmt":"2025-12-29T18:58:49","guid":{"rendered":"https:\/\/fredtlizer.com\/sept25\/?post_type=product&#038;p=19949"},"modified":"2025-12-29T15:11:37","modified_gmt":"2025-12-29T20:11:37","slug":"kit-dengrais-pour-plante-a-bulbe-30-ml","status":"publish","type":"product","link":"https:\/\/fredtlizer.com\/sept25\/produit\/kit-dengrais-pour-plante-a-bulbe-30-ml\/","title":{"rendered":"Kit d&rsquo;engrais pour plante \u00e0 bulbe 30 ml"},"content":{"rendered":"<p style=\"text-align: left;\">Un kit 30ml donne environ 15 ml de solution nutritive<\/p>\n<p style=\"text-align: left;\"><strong>Peut \u00eatre utilis\u00e9 pour :<\/strong> Amaryllis (Hippeastrum spp.), Crocus (Crocus spp.), Freesia (Freesia spp.), Galanthus \/ Perce-neige (Galanthus nivalis), Iris (Iris spp.), Jacinthe (Hyacinthus orientalis), Narcisse \/ Jonquille (Narcissus spp.), Tulipe (Tulipa spp.), Zantedeschia \/ Calla (Zantedeschia aethiopica).<\/p>\n","protected":false},"excerpt":{"rendered":"<p>Les plantes \u00e0 bulbes, comme les tulipes, jonquilles ou crocus, puisent toute leur \u00e9nergie dans leurs racines et leurs r\u00e9serves souterraines pour offrir des floraisons spectaculaires ann\u00e9e apr\u00e8s ann\u00e9e. Avec l\u2019approche Fred T. Lizer, le substrat est revitalis\u00e9 et enrichi en min\u00e9raux essentiels, favorisant le d\u00e9veloppement des bulbes, la r\u00e9sistance aux stress et la vigueur des tiges et fleurs. Nos solutions apportent \u00e9galement une vie biologique qui stimule le sol et soutient un enracinement solide, pour des plantes \u00e9panouies et durables.<\/p>\n<p>R\u00e9sultat : des bulbes florissants, des couleurs \u00e9clatantes et une croissance harmonieuse qui transforme chaque jardin en un spectacle vivant.<\/p>\n<p><span style=\"color: #08a300;\"><strong>SUPPL\u00c9MENTS HAUTE-PERFORMANCE SUGG\u00c9R\u00c9S :<\/strong><\/span><\/p>\n","protected":false},"featured_media":17012,"template":"","meta":[],"product_brand":[],"product_cat":[1515,1810],"product_tag":[],"class_list":{"0":"post-19949","1":"product","2":"type-product","3":"status-publish","4":"has-post-thumbnail","6":"product_cat-culture-en-terre","7":"product_cat-plantes-a-bulbes","8":"product_shipping_class-transport","10":"first","11":"instock","12":"taxable","13":"shipping-taxable","14":"purchasable","15":"product-type-yith_bundle"},"_links":{"self":[{"href":"https:\/\/fredtlizer.com\/sept25\/wp-json\/wp\/v2\/product\/19949","targetHints":{"allow":["GET"]}}],"collection":[{"href":"https:\/\/fredtlizer.com\/sept25\/wp-json\/wp\/v2\/product"}],"about":[{"href":"https:\/\/fredtlizer.com\/sept25\/wp-json\/wp\/v2\/types\/product"}],"version-history":[{"count":1,"href":"https:\/\/fredtlizer.com\/sept25\/wp-json\/wp\/v2\/product\/19949\/revisions"}],"predecessor-version":[{"id":19951,"href":"https:\/\/fredtlizer.com\/sept25\/wp-json\/wp\/v2\/product\/19949\/revisions\/19951"}],"wp:featuredmedia":[{"embeddable":true,"href":"https:\/\/fredtlizer.com\/sept25\/wp-json\/wp\/v2\/media\/17012"}],"wp:attachment":[{"href":"https:\/\/fredtlizer.com\/sept25\/wp-json\/wp\/v2\/media?parent=19949"}],"wp:term":[{"taxonomy":"product_brand","embeddable":true,"href":"https:\/\/fredtlizer.com\/sept25\/wp-json\/wp\/v2\/product_brand?post=19949"},{"taxonomy":"product_cat","embeddable":true,"href":"https:\/\/fredtlizer.com\/sept25\/wp-json\/wp\/v2\/product_cat?post=19949"},{"taxonomy":"product_tag","embeddable":true,"href":"https:\/\/fredtlizer.com\/sept25\/wp-json\/wp\/v2\/product_tag?post=19949"}],"curies":[{"name":"wp","href":"https:\/\/api.w.org\/{rel}","templated":true}]}}