{"id":20018,"date":"2025-12-29T20:55:14","date_gmt":"2025-12-30T01:55:14","guid":{"rendered":"https:\/\/fredtlizer.com\/sept25\/?post_type=product&#038;p=20018"},"modified":"2026-01-18T14:14:42","modified_gmt":"2026-01-18T19:14:42","slug":"kit-dengrais-pour-plante-grimpante-30-ml","status":"publish","type":"product","link":"https:\/\/fredtlizer.com\/sept25\/produit\/kit-dengrais-pour-plante-grimpante-30-ml\/","title":{"rendered":"Kit d&rsquo;engrais pour plante grimpante 30 ml"},"content":{"rendered":"<p style=\"text-align: left;\">Un kit 30ml donne jusqu&rsquo;\u00e0 30L de solution nutritive<\/p>\n<p style=\"text-align: left;\"><strong>Peut \u00eatre utilis\u00e9 pour :<\/strong> Akebia (Akebia quinata), Bignone ou trompette (Campsis radicans), Bougainvillier (Bougainvillea glabra), Campsis (Campsis \u00d7 tagliabuana), Cam\u00e9lia grimpant (Camellia sasanqua \u2018Climbing\u2019), Ch\u00e8vrefeuille (Lonicera japonica), Cob\u00e9e (Cobaea scandens), Glycine ou Wisteria (Wisteria sinensis), Hoya ou fleur de cire (Hoya carnosa), Ipom\u00e9e (Ipomoea indica), Jasmin \u00e9toil\u00e9 (Trachelospermum jasminoides), Jasmin d\u2019hiver (Jasminum nudiflorum), Liseron (Ipomoea purpurea), Passiflore (Passiflora caerulea), Rosier grimpant (Rosa spp.), Solanum jasminoides (Solanum jasminoides), Thunbergia (Thunbergia alata), Vigne \u00e0 trompette (Campsis radicans), Vigne vierge ou Parthenocissus (Parthenocissus quinquefolia), Cl\u00e9matite armandii (Clematis armandii), Cl\u00e9matite montana (Clematis montana), Cl\u00e9matite tangutica (Clematis tangutica), Cl\u00e9matite texensis (Clematis texensis), Passiflore bleue (Passiflora caerulea), Passiflore incarnata (Passiflora incarnata), Bougainvillier panach\u00e9 (Bougainvillea spectabilis), Glycine bleue (Wisteria floribunda), Glycine rose (Wisteria floribunda \u2018Rosea\u2019), Ch\u00e8vrefeuille d\u2019\u00e9t\u00e9 (Lonicera periclymenum), Ch\u00e8vrefeuille japonais (Lonicera japonica \u2018Halliana\u2019), Ipom\u00e9e tricolore (Ipomoea tricolor), Cob\u00e9e pourpre (Cobaea scandens \u2018Purpurea\u2019), Jasmin grandiflorum (Jasminum grandiflorum), Vigne d\u2019Am\u00e9rique (Parthenocissus tricuspidata), Vigne de Boston (Parthenocissus quinquefolia), Solanum rantonnetii (Solanum rantonnetii), Thunbergia noire (Thunbergia alata \u2018Black\u2019), Thunbergia bleue (Thunbergia grandiflora).<\/p>\n","protected":false},"excerpt":{"rendered":"<p data-start=\"254\" data-end=\"927\">Les <strong data-start=\"258\" data-end=\"280\">plantes grimpantes<\/strong> (haricots, pois, concombres, courges grimpantes, houblon, vignes potag\u00e8res) se caract\u00e9risent par une croissance rapide et un d\u00e9veloppement v\u00e9g\u00e9tatif important. Pour soutenir cette mont\u00e9e vigoureuse, elles ont des besoins \u00e9lev\u00e9s en <strong data-start=\"512\" data-end=\"533\">azote assimilable<\/strong> pour la formation des tiges et du feuillage, en <strong data-start=\"582\" data-end=\"595\">phosphore<\/strong> pour l\u2019enracinement et la floraison, ainsi qu\u2019en <strong data-start=\"645\" data-end=\"658\">potassium<\/strong> pour la nouaison, la qualit\u00e9 des fruits et la gestion de l\u2019eau. Le <strong data-start=\"726\" data-end=\"737\">calcium<\/strong> et les <strong data-start=\"745\" data-end=\"764\">micronutriments<\/strong> (magn\u00e9sium, bore, zinc, fer, mangan\u00e8se) sont essentiels pour la solidit\u00e9 des tiges, la circulation de la s\u00e8ve, la photosynth\u00e8se et la r\u00e9gularit\u00e9 de la production.<\/p>\n<p data-start=\"929\" data-end=\"1209\">Ces plantes sont particuli\u00e8rement sensibles aux <strong data-start=\"977\" data-end=\"1004\">d\u00e9s\u00e9quilibres nutritifs<\/strong>, au <strong data-start=\"1009\" data-end=\"1028\">stress hydrique<\/strong> et aux variations de temp\u00e9rature, ce qui peut entra\u00eener une croissance excessive du feuillage au d\u00e9triment des fleurs, une mauvaise fructification ou des fruits de qualit\u00e9 in\u00e9gale.<\/p>\n<p data-start=\"1211\" data-end=\"1394\"><strong data-start=\"1211\" data-end=\"1228\">Fred T. Lizer<\/strong> comble pr\u00e9cis\u00e9ment ces besoins gr\u00e2ce \u00e0 une formulation <strong data-start=\"1284\" data-end=\"1336\">hautement assimilable et parfaitement \u00e9quilibr\u00e9e<\/strong>, con\u00e7ue pour accompagner chaque phase du d\u00e9veloppement.<\/p>\n<ul data-start=\"1395\" data-end=\"2039\">\n<li data-start=\"1395\" data-end=\"1556\">\n<p data-start=\"1397\" data-end=\"1556\">Les \u00e9l\u00e9ments nutritifs disponibles rapidement favorisent un <strong data-start=\"1457\" data-end=\"1493\">enracinement profond et efficace<\/strong>, assurant une meilleure absorption de l\u2019eau et des min\u00e9raux.<\/p>\n<\/li>\n<li data-start=\"1557\" data-end=\"1705\">\n<p data-start=\"1559\" data-end=\"1705\">L\u2019\u00e9quilibre nutritionnel soutient une <strong data-start=\"1597\" data-end=\"1642\">croissance contr\u00f4l\u00e9e des tiges et vrilles<\/strong>, essentielle pour une bonne mont\u00e9e sur treillis ou supports.<\/p>\n<\/li>\n<li data-start=\"1706\" data-end=\"1886\">\n<p data-start=\"1708\" data-end=\"1886\">Le potassium et les micronutriments optimisent la <strong data-start=\"1758\" data-end=\"1818\">floraison, la nouaison et la r\u00e9gularit\u00e9 de la production<\/strong>, tout en am\u00e9liorant la texture, la saveur et la tenue des fruits.<\/p>\n<\/li>\n<li data-start=\"1887\" data-end=\"2039\">\n<p data-start=\"1889\" data-end=\"2039\">Le calcium assimilable renforce la <strong data-start=\"1924\" data-end=\"1948\">structure cellulaire<\/strong>, am\u00e9liorant la r\u00e9sistance m\u00e9canique des tiges et la tol\u00e9rance aux stress environnementaux.<\/p>\n<\/li>\n<\/ul>\n<p data-start=\"2041\" data-end=\"2360\"><strong data-start=\"2044\" data-end=\"2082\">Engagement salubrit\u00e9 Fred T. Lizer<\/strong><br data-start=\"2082\" data-end=\"2085\" \/>Tous nos produits sont formul\u00e9s <strong data-start=\"2117\" data-end=\"2150\">sans ingr\u00e9dients canc\u00e9rig\u00e8nes<\/strong> et <strong data-start=\"2154\" data-end=\"2185\">sans m\u00e9taux lourds toxiques<\/strong>, incluant l\u2019arsenic, le plomb, le mercure et le cadmium. Cette approche garantit une nutrition s\u00e9curitaire qui respecte la plante, le sol et la qualit\u00e9 des aliments r\u00e9colt\u00e9s.<\/p>\n<p data-start=\"2362\" data-end=\"2711\"><strong data-start=\"2362\" data-end=\"2376\">R\u00e9sultat :<\/strong> des plantes grimpantes vigoureuses, bien structur\u00e9es, avec une floraison abondante et une production r\u00e9guli\u00e8re de fruits sains et de qualit\u00e9, que ce soit en pleine terre, en bac, sur treillis ou en hydroponie \u2014 une performance fiable, pr\u00e9cise et s\u00e9curitaire, \u00e0 la hauteur des attentes des jardiniers et producteurs les plus exigeants.<\/p>\n<p><span style=\"color: #08a300;\"><strong>SUPPL\u00c9MENTS HAUTE-PERFORMANCE SUGG\u00c9R\u00c9S :<\/strong><\/span><\/p>\n","protected":false},"featured_media":15987,"template":"","meta":[],"product_brand":[],"product_cat":[1515,1818],"product_tag":[],"class_list":{"0":"post-20018","1":"product","2":"type-product","3":"status-publish","4":"has-post-thumbnail","6":"product_cat-culture-en-terre","7":"product_cat-plantes-grimpantes","8":"product_shipping_class-transport","10":"first","11":"instock","12":"taxable","13":"shipping-taxable","14":"purchasable","15":"product-type-yith_bundle"},"_links":{"self":[{"href":"https:\/\/fredtlizer.com\/sept25\/wp-json\/wp\/v2\/product\/20018","targetHints":{"allow":["GET"]}}],"collection":[{"href":"https:\/\/fredtlizer.com\/sept25\/wp-json\/wp\/v2\/product"}],"about":[{"href":"https:\/\/fredtlizer.com\/sept25\/wp-json\/wp\/v2\/types\/product"}],"version-history":[{"count":2,"href":"https:\/\/fredtlizer.com\/sept25\/wp-json\/wp\/v2\/product\/20018\/revisions"}],"predecessor-version":[{"id":27215,"href":"https:\/\/fredtlizer.com\/sept25\/wp-json\/wp\/v2\/product\/20018\/revisions\/27215"}],"wp:featuredmedia":[{"embeddable":true,"href":"https:\/\/fredtlizer.com\/sept25\/wp-json\/wp\/v2\/media\/15987"}],"wp:attachment":[{"href":"https:\/\/fredtlizer.com\/sept25\/wp-json\/wp\/v2\/media?parent=20018"}],"wp:term":[{"taxonomy":"product_brand","embeddable":true,"href":"https:\/\/fredtlizer.com\/sept25\/wp-json\/wp\/v2\/product_brand?post=20018"},{"taxonomy":"product_cat","embeddable":true,"href":"https:\/\/fredtlizer.com\/sept25\/wp-json\/wp\/v2\/product_cat?post=20018"},{"taxonomy":"product_tag","embeddable":true,"href":"https:\/\/fredtlizer.com\/sept25\/wp-json\/wp\/v2\/product_tag?post=20018"}],"curies":[{"name":"wp","href":"https:\/\/api.w.org\/{rel}","templated":true}]}}